/11 + g/143?
17
Suppose 22 = i - 83. Suppose 210 = 100*u - i*u. Let q = u - -71. Calculate the remainder when 114 is divided by q.
27
Let w(q) = 62*q + 705. Calculate the remainder when 4920 is divided by w(-11).
21
Let h = 385 + -295. What is the remainder when 161 is divided by -7 - (-5 - h/6)?
5
Let x(y) = -239*y + 2471. Let r be (-75)/18 - 2/(-12). Calculate the remainder when x(10) is divided by (-12)/(((-24)/(-9))/r).
9
Let k(s) = 15*s**3 + 3*s**2 + 3*s - 5. Let v(p) = 48*p - 405. Calculate the remainder when v(9) is divided by k(1).
11
What is the remainder when (-2)/(-7) + 9336/14*(-26)/(-104) is divided by 40?
7
Let f(r) = 4*r + 20. Let o be f(-7). Let u be (-28)/o*90/21. Let h = u - 7. Calculate the remainder when h is divided by 4.
0
Let r(c) = 9*c**2 + 5*c. Let d be r(-1). Suppose d*a - 5*a - 102 = -3*h, 5*a = -15. What is the remainder when 624 is divided by h?
30
Suppose -255*a + 11137 = -16077 + 4009. What is the remainder when 363 is divided by a?
90
Suppose 2*n + 3*t - 934 = -624, 498 = 3*n - t. Calculate the remainder when 1311 is divided by n.
163
Suppose -6 + 136 = c. Suppose -7*a + 287 + 28 = 0. Calculate the remainder when c is divided by a.
40
Suppose -106*v = 82*v - 28*v - 14400. Calculate the remainder when v is divided by 54.
36
Suppose 0 = 5*j + t - 678, j + 7*t = 6*j - 694. Calculate the remainder when 238 is divided by j.
102
Let o(n) = -2*n + 47. Let g be o(-10). Calculate the remainder when 43 is divided by (g + -34)*6/9.
21
Let y(l) = l**2 - 6*l - 3. Let u = 20890 - 20791. Calculate the remainder when u is divided by y(-5).
47
Let m = 721 + -716. Suppose 2*r + m*f - 422 = 0, 7*f - 198 = -r + 11*f. Calculate the remainder when r is divided by 60.
26
Let y(h) = -45*h + 285. Calculate the remainder when 298 is divided by y(6).
13
Let y(h) = -h + 4. Let z be y(2). Let t be (38/8 - 15/20)*z. Suppose 23 + t = c. Calculate the remainder when 121 is divided by c.
28
Suppose u - 2*u + 4*f = -7, 3*u - 3*f = 21. Suppose 0 = -u*w + 4*w + 207. What is the remainder when w is divided by 35?
34
Let z(f) = 4*f**2 - 9*f + 25. What is the remainder when 43 is divided by z(0)?
18
Let n = 337 - 351. Calculate the remainder when n/(-35) - (-4836)/10 is divided by 54.
52
Suppose 6*d - 21 = -3. Suppose -3*c + 3*f - 150 - 150 = 0, 3*f = -d*c - 276. Calculate the remainder when (-14)/(-4)*c/(-12) is divided by 17.
11
Suppose 75*p = 51548 + 94027. Calculate the remainder when p is divided by 150.
141
Let f = 231 - 180. Suppose 56*z - 195 = f*z. Let s = -9 + 23. What is the remainder when z is divided by s?
11
Suppose 2*p = 6, -90 = 11*a - 12*a - 2*p. Suppose -z - a = -r + z, -2*z = 4*r - 326. Calculate the remainder when r is divided by 10.
2
Suppose 6*z = -3*z + 2889. What is the remainder when z/2 + (-36)/72 is divided by 55?
50
Let x = -1194 + 1624. Calculate the remainder when x is divided by 32/4 + 0 + 0.
6
Let g be 1/(-2) - (-156)/24. What is the remainder when (633/g)/(2/4) is divided by 55?
46
Let b = -127 + 126. Let n be (-3 + b + 8/3)*-3. Suppose 2*w - 36 + 6 = -2*u, 2*u + n*w - 30 = 0. Calculate the remainder when u is divided by 10.
5
Let x(v) = 4*v**2 + v - 2. Let p = 488 + -307. Calculate the remainder when p is divided by x(3).
33
Let c(k) = 3*k**2 - 2*k + 9. Suppose g - 36 = -8*m + 3*m, 2*m - 13 = g. Let f = m - -10. What is the remainder when c(4) is divided by f?
15
Calculate the remainder when (-42)/3 + 676 + 24/((-20)/(-5)) is divided by 29.
1
Let j(b) = b**3 - 2*b**2 - 23*b + 2. Let g be j(6). Suppose 0 = -g*k - 1 + 17. What is the remainder when 10 is divided by k?
0
Let h(t) = 5*t**3 + 8*t - 7. Suppose 0 = j + 4*v - 40, -5*j + 119 = -3*j - 5*v. Calculate the remainder when h(3) is divided by j.
48
Suppose 0 = -34*d + 160*d - 63126. Calculate the remainder when d is divided by 52.
33
Let i(b) = b**2 + 14*b + 8. Suppose -34 = 4*g - 102. Calculate the remainder when i(-17) is divided by g.
8
Let w = 95 - 244. Let q = w + 232. Calculate the remainder when q is divided by 21.
20
Let p be ((-6)/(-9))/(8/144). Let j(u) = 2*u - 5. What is the remainder when j(6) is divided by ((-16)/p)/(-4)*(2 - -7)?
1
Suppose 9*a = 6*a + 69. What is the remainder when 1/2 + 5/(30/201) is divided by a?
11
Let t(u) = u**3 - 28*u**2 - u + 80. Let v = -100 + 128. Calculate the remainder when 257 is divided by t(v).
49
Suppose -h = 3*o + 2*o + 62, -4*h = -4*o + 200. Let j = 21 + h. Let x = -11 - j. Calculate the remainder when 74 is divided by x.
14
Let k = -90168 - -90526. What is the remainder when k is divided by 0 + 9 + (-1)/1?
6
Suppose -5508*t + 5510*t = -8*u + 4, t + 7 = 5*u. Calculate the remainder when (2/(-3))/(4/(-66)) is divided by u.
0
Let p = 1046 - 606. Let w = -336 + p. What is the remainder when w is divided by 20?
4
Suppose 3*r = -5*a + 35, -a + 0*r + 9 = r. Suppose -32 = -2*g - a*d, -2*g + 22 = -0*d - d. What is the remainder when 94 is divided by g?
10
What is the remainder when 6898/16*(-42 + 50) is divided by 203?
201
Suppose 0 = -16*c + 13*c + 276. Suppose c - 173 = -9*i. Calculate the remainder when 91 is divided by i.
1
What is the remainder when 9993 is divided by 78*(-19)/(-57) + -7?
18
Suppose 0 = -3*z - 6 - 9, -3*y - 3*z = -18. Let q(m) = -m**2 - 918*m - 9940. What is the remainder when q(-11) is divided by y?
4
Suppose -2*y + 1369 = 5*f, 34*y - 29*y - 5*f = 3475. What is the remainder when y is divided by 341?
10
Suppose 97*t - 100*t - 3090 = 0. What is the remainder when (-44)/(-242) + t/(-22) is divided by 26?
21
Let y = 9162 - 8708. What is the remainder when y is divided by 20?
14
Let p(h) = 53*h - 100. Calculate the remainder when p(4) is divided by 55.
2
Suppose -28*m = -34*m - 9492. Calculate the remainder when (-1)/((-20)/(-90) - m/(-7038)) is divided by 18.
13
Calculate the remainder when 4842 is divided by (-116402)/(-2288) + 2/16.
48
Let y(q) = q**2 + 470*q + 11140. Suppose -c + 2*m = -13 - 11, -3*c + 93 = m. Calculate the remainder when c is divided by y(-25).
0
Let f(q) = 2*q**2 - 26*q + 84. Calculate the remainder when f(17) is divided by 59.
43
Calculate the remainder when (-19 + 20)*(1514 + 2) is divided by 25.
16
Suppose -2*z + 179 = -3*b + 71, 265 = 5*z - 5*b. Calculate the remainder when 198 is divided by z.
45
Let o(b) be the third derivative of b**6/30 - b**5/20 + 5*b**4/24 - 5*b**3/6 + 117*b**2. Calculate the remainder when 65 is divided by o(2).
15
Suppose 0 = i + 2*u - 130, 4*u - 860 + 180 = -5*i. Suppose i = 10*p + 30. What is the remainder when 151 is divided by p?
8
Suppose 8544 - 1280 = -5*n + 13*n. What is the remainder when n is divided by 91?
89
Let j be (-28 - -26)/((-1*1)/33). Let w = j + -82. Calculate the remainder when 117 is divided by (-5)/(20/w) + 20.
21
Let u(j) = 3*j**3 + j**2 - 1. Let k be u(1). Suppose a = -k*n + 1944, -5*n = -22*a + 20*a - 3240. What is the remainder when n is divided by 65?
63
Let v = 65 + -66. Let t(p) = p + 1. Let l(z) = 3*z + 36. Let b(n) = v*l(n) + 5*t(n). Calculate the remainder when b(19) is divided by 5.
2
Let i be (-258)/(-4)*(-56)/42. Calculate the remainder when (-21543)/i + 1/(-2) is divided by 36.
34
Let n(b) = -45*b - 4. Let y be n(-3). Let f = y + -71. Let z = 807 + -775. Calculate the remainder when f is divided by z.
28
Let l = -230 + 414. Let t = l + -150. Suppose 137 = 5*x - 528. What is the remainder when x is divided by t?
31
Let q = -13630 + 14814. Calculate the remainder when q is divided by 166.
22
Suppose -r + 69 + 74 = -4*a, 0 = 2*a + 3*r + 61. Let g = 36 + a. Suppose -8*m + 6*m + w + 6 = 0, -4*m + w = -8. Calculate the remainder when m is divided by g.
0
Let y(i) = -25*i - 49. Let n be (-30)/(-20)*(-4)/(-3). Suppose 0 = -2*a - h + 308, -3*a = h - n*h - 467. What is the remainder when a is divided by y(-3)?
25
Suppose 66*o = 9*o - 399 + 2280. Calculate the remainder when 7158 is divided by o.
30
Suppose -12*y + 34 = -14. Suppose 2*k - 3*q = -k - 57, 4*q - y = k. What is the remainder when 90 is divided by 2 + ((-84)/k)/((-1)/(-6))?
21
Let t be -5*(-4 + 12/(-3)). Let m = -32 + t. Calculate the remainder when 15 is divided by m.
7
Let c(r) = 7*r**2 - 7*r - 12. Let a be c(6). Suppose i - 4*i = -4*h - a, i - 59 = -h. Let j = i + -59. Calculate the remainder when 15 is divided by j.
0
Let s = 34642 - 34619. What is the remainder